{"id":122,"date":"2026-04-21T15:23:23","date_gmt":"2026-04-21T15:23:23","guid":{"rendered":"https:\/\/lunexdesign.com\/preview\/?page_id=122"},"modified":"2026-04-21T17:48:45","modified_gmt":"2026-04-21T17:48:45","slug":"home","status":"publish","type":"page","link":"https:\/\/lunexdesign.com\/preview\/","title":{"rendered":"Home"},"content":{"rendered":"\t\t<div data-elementor-type=\"wp-page\" data-elementor-id=\"122\" class=\"elementor elementor-122\" data-elementor-post-type=\"page\">\n\t\t\t\t<div class=\"elementor-element elementor-element-dabb383 e-flex e-con-boxed e-con e-parent\" data-id=\"dabb383\" data-element_type=\"container\" data-e-type=\"container\">\n\t\t\t\t\t<div class=\"e-con-inner\">\n\t\t<div class=\"elementor-element elementor-element-5dad23a e-con-full e-flex e-con e-child\" data-id=\"5dad23a\" data-element_type=\"container\" data-e-type=\"container\">\n\t\t<div class=\"elementor-element elementor-element-66be178 e-con-full e-flex e-con e-child\" data-id=\"66be178\" data-element_type=\"container\" data-e-type=\"container\">\n\t\t\t\t<div class=\"elementor-element elementor-element-6f7b4a8 anim-text elementor-widget elementor-widget-heading\" data-id=\"6f7b4a8\" data-element_type=\"widget\" data-e-type=\"widget\" data-widget_type=\"heading.default\">\n\t\t\t\t\t<h1 class=\"elementor-heading-title elementor-size-default\">SBArquitectura<\/h1>\t\t\t\t<\/div>\n\t\t\t\t<div class=\"elementor-element elementor-element-1bec9da elementor-invisible elementor-widget elementor-widget-text-editor\" data-id=\"1bec9da\" data-element_type=\"widget\" data-e-type=\"widget\" data-settings=\"{&quot;_animation&quot;:&quot;fadeInUp&quot;}\" data-widget_type=\"text-editor.default\">\n\t\t\t\t\t\t\t\t\t<p>ARQUITECTURA<br \/>E INTERIORES<\/p>\t\t\t\t\t\t\t\t<\/div>\n\t\t\t\t<\/div>\n\t\t<div class=\"elementor-element elementor-element-3940d05 e-con-full e-flex e-con e-child\" data-id=\"3940d05\" data-element_type=\"container\" data-e-type=\"container\">\n\t\t<div class=\"elementor-element elementor-element-69f6737 e-con-full e-flex e-con e-child\" data-id=\"69f6737\" data-element_type=\"container\" data-e-type=\"container\">\n\t\t\t\t<div class=\"elementor-element elementor-element-e20af61 elementor-widget elementor-widget-image\" data-id=\"e20af61\" data-element_type=\"widget\" data-e-type=\"widget\" data-settings=\"{&quot;motion_fx_motion_fx_scrolling&quot;:&quot;yes&quot;,&quot;motion_fx_devices&quot;:[&quot;desktop&quot;,&quot;tablet&quot;,&quot;mobile&quot;]}\" data-widget_type=\"image.default\">\n\t\t\t\t\t\t\t\t\t\t\t\t\t\t\t<img fetchpriority=\"high\" decoding=\"async\" width=\"800\" height=\"531\" src=\"https:\/\/lunexdesign.com\/preview\/wp-content\/uploads\/2026\/04\/sb_arquitectura_home-1024x680.jpg\" class=\"attachment-large size-large wp-image-135\" alt=\"\" srcset=\"https:\/\/lunexdesign.com\/preview\/wp-content\/uploads\/2026\/04\/sb_arquitectura_home-1024x680.jpg 1024w, https:\/\/lunexdesign.com\/preview\/wp-content\/uploads\/2026\/04\/sb_arquitectura_home-300x199.jpg 300w, https:\/\/lunexdesign.com\/preview\/wp-content\/uploads\/2026\/04\/sb_arquitectura_home-768x510.jpg 768w, https:\/\/lunexdesign.com\/preview\/wp-content\/uploads\/2026\/04\/sb_arquitectura_home.jpg 1200w\" sizes=\"(max-width: 800px) 100vw, 800px\" \/>\t\t\t\t\t\t\t\t\t\t\t\t\t\t\t<\/div>\n\t\t\t\t<\/div>\n\t\t<div class=\"elementor-element elementor-element-be86ae8 e-con-full e-flex e-con e-child\" data-id=\"be86ae8\" data-element_type=\"container\" data-e-type=\"container\">\n\t\t\t\t<div class=\"elementor-element elementor-element-2e92deb elementor-widget elementor-widget-heading\" data-id=\"2e92deb\" data-element_type=\"widget\" data-e-type=\"widget\" data-widget_type=\"heading.default\">\n\t\t\t\t\t<h2 class=\"elementor-heading-title elementor-size-default\">O MESMO ESPA\u00c7O, COM O TOQUE QUE FALTAVA.\n<\/h2>\t\t\t\t<\/div>\n\t\t\t\t<div class=\"elementor-element elementor-element-ee44af1 elementor-invisible elementor-widget elementor-widget-text-editor\" data-id=\"ee44af1\" data-element_type=\"widget\" data-e-type=\"widget\" data-settings=\"{&quot;_animation&quot;:&quot;fadeInUp&quot;}\" data-widget_type=\"text-editor.default\">\n\t\t\t\t\t\t\t\t\t<p>Gostava de alterar a sua casa e n\u00e3o lhe surgem ideias?<\/p><p>Ou simplesmente mudou de casa e realizou que n\u00e3o se adapta ao seu novo espa\u00e7o?<\/p>\t\t\t\t\t\t\t\t<\/div>\n\t\t\t\t<\/div>\n\t\t\t\t<\/div>\n\t\t\t\t<\/div>\n\t\t\t\t\t<\/div>\n\t\t\t\t<\/div>\n\t\t<div class=\"elementor-element elementor-element-572b7bd e-flex e-con-boxed e-con e-parent\" data-id=\"572b7bd\" data-element_type=\"container\" data-e-type=\"container\" data-settings=\"{&quot;background_background&quot;:&quot;classic&quot;}\">\n\t\t\t\t\t<div class=\"e-con-inner\">\n\t\t<div class=\"elementor-element elementor-element-87d9b6f e-con-full e-flex e-con e-child\" data-id=\"87d9b6f\" data-element_type=\"container\" data-e-type=\"container\">\n\t\t<div class=\"elementor-element elementor-element-46b5a9d e-con-full e-flex e-con e-child\" data-id=\"46b5a9d\" data-element_type=\"container\" data-e-type=\"container\">\n\t\t\t\t<div class=\"elementor-element elementor-element-59c91cb anim-text elementor-widget__width-initial elementor-widget-mobile__width-inherit elementor-widget elementor-widget-heading\" data-id=\"59c91cb\" data-element_type=\"widget\" data-e-type=\"widget\" data-widget_type=\"heading.default\">\n\t\t\t\t\t<h2 class=\"elementor-heading-title elementor-size-default\">\u201cH\u00e1 um gosto de vit\u00f3ria e encanto na condi\u00e7\u00e3o de ser simples. N\u00e3o \u00e9 preciso muito para ser muito\u201d<\/h2>\t\t\t\t<\/div>\n\t\t\t\t<div class=\"elementor-element elementor-element-ae88e7c elementor-invisible elementor-widget elementor-widget-text-editor\" data-id=\"ae88e7c\" data-element_type=\"widget\" data-e-type=\"widget\" data-settings=\"{&quot;_animation&quot;:&quot;fadeInUp&quot;}\" data-widget_type=\"text-editor.default\">\n\t\t\t\t\t\t\t\t\t\u2014 Lina Bo Bardi\t\t\t\t\t\t\t\t<\/div>\n\t\t\t\t<\/div>\n\t\t\t\t<\/div>\n\t\t\t\t\t<\/div>\n\t\t\t\t<\/div>\n\t\t<div class=\"elementor-element elementor-element-6d09472 e-flex e-con-boxed e-con e-parent\" data-id=\"6d09472\" data-element_type=\"container\" data-e-type=\"container\">\n\t\t\t\t\t<div class=\"e-con-inner\">\n\t\t<div class=\"elementor-element elementor-element-d289ca4 e-con-full e-flex e-con e-child\" data-id=\"d289ca4\" data-element_type=\"container\" data-e-type=\"container\">\n\t\t\t\t<div class=\"elementor-element elementor-element-7ff181c anim-text elementor-widget elementor-widget-heading\" data-id=\"7ff181c\" data-element_type=\"widget\" data-e-type=\"widget\" data-widget_type=\"heading.default\">\n\t\t\t\t\t<h2 class=\"elementor-heading-title elementor-size-default\">Prepara\u00e7\u00e3o e valoriza\u00e7\u00e3o de casas para venda e arrendamento\n<\/h2>\t\t\t\t<\/div>\n\t\t\t\t<\/div>\n\t\t<div class=\"elementor-element elementor-element-dcc19e5 e-con-full e-flex e-con e-child\" data-id=\"dcc19e5\" data-element_type=\"container\" data-e-type=\"container\">\n\t\t<div class=\"elementor-element elementor-element-f0d2eac e-grid e-con-full e-con e-child\" data-id=\"f0d2eac\" data-element_type=\"container\" data-e-type=\"container\">\n\t\t<div class=\"elementor-element elementor-element-611951f e-con-full e-flex e-con e-child\" data-id=\"611951f\" data-element_type=\"container\" data-e-type=\"container\">\n\t\t\t\t<div class=\"elementor-element elementor-element-eee2b82 elementor-widget elementor-widget-image\" data-id=\"eee2b82\" data-element_type=\"widget\" data-e-type=\"widget\" data-widget_type=\"image.default\">\n\t\t\t\t\t\t\t\t\t\t\t\t\t\t\t\t<a href=\"#\">\n\t\t\t\t\t\t\t<img decoding=\"async\" width=\"1268\" height=\"1900\" src=\"https:\/\/lunexdesign.com\/preview\/wp-content\/uploads\/2026\/04\/5.DSC_4368.jpg\" class=\"attachment-full size-full wp-image-323\" alt=\"\" srcset=\"https:\/\/lunexdesign.com\/preview\/wp-content\/uploads\/2026\/04\/5.DSC_4368.jpg 1268w, https:\/\/lunexdesign.com\/preview\/wp-content\/uploads\/2026\/04\/5.DSC_4368-200x300.jpg 200w, https:\/\/lunexdesign.com\/preview\/wp-content\/uploads\/2026\/04\/5.DSC_4368-683x1024.jpg 683w, https:\/\/lunexdesign.com\/preview\/wp-content\/uploads\/2026\/04\/5.DSC_4368-768x1151.jpg 768w, https:\/\/lunexdesign.com\/preview\/wp-content\/uploads\/2026\/04\/5.DSC_4368-1025x1536.jpg 1025w\" sizes=\"(max-width: 1268px) 100vw, 1268px\" \/>\t\t\t\t\t\t\t\t<\/a>\n\t\t\t\t\t\t\t\t\t\t\t\t\t\t\t<\/div>\n\t\t\t\t<div class=\"elementor-element elementor-element-f01521c anim-text elementor-widget elementor-widget-heading\" data-id=\"f01521c\" data-element_type=\"widget\" data-e-type=\"widget\" data-widget_type=\"heading.default\">\n\t\t\t\t\t<h3 class=\"elementor-heading-title elementor-size-default\">Category name<\/h3>\t\t\t\t<\/div>\n\t\t\t\t<\/div>\n\t\t<div class=\"elementor-element elementor-element-6141a9a e-con-full e-flex e-con e-child\" data-id=\"6141a9a\" data-element_type=\"container\" data-e-type=\"container\">\n\t\t\t\t<div class=\"elementor-element elementor-element-86bc48f elementor-widget elementor-widget-image\" data-id=\"86bc48f\" data-element_type=\"widget\" data-e-type=\"widget\" data-widget_type=\"image.default\">\n\t\t\t\t\t\t\t\t\t\t\t\t\t\t\t\t<a href=\"#\">\n\t\t\t\t\t\t\t<img decoding=\"async\" width=\"1268\" height=\"1900\" src=\"https:\/\/lunexdesign.com\/preview\/wp-content\/uploads\/2026\/04\/10.Capa_.jpg\" class=\"attachment-full size-full wp-image-324\" alt=\"\" srcset=\"https:\/\/lunexdesign.com\/preview\/wp-content\/uploads\/2026\/04\/10.Capa_.jpg 1268w, https:\/\/lunexdesign.com\/preview\/wp-content\/uploads\/2026\/04\/10.Capa_-200x300.jpg 200w, https:\/\/lunexdesign.com\/preview\/wp-content\/uploads\/2026\/04\/10.Capa_-683x1024.jpg 683w, https:\/\/lunexdesign.com\/preview\/wp-content\/uploads\/2026\/04\/10.Capa_-768x1151.jpg 768w, https:\/\/lunexdesign.com\/preview\/wp-content\/uploads\/2026\/04\/10.Capa_-1025x1536.jpg 1025w\" sizes=\"(max-width: 1268px) 100vw, 1268px\" \/>\t\t\t\t\t\t\t\t<\/a>\n\t\t\t\t\t\t\t\t\t\t\t\t\t\t\t<\/div>\n\t\t\t\t<div class=\"elementor-element elementor-element-11fa861 anim-text elementor-widget elementor-widget-heading\" data-id=\"11fa861\" data-element_type=\"widget\" data-e-type=\"widget\" data-widget_type=\"heading.default\">\n\t\t\t\t\t<h3 class=\"elementor-heading-title elementor-size-default\">Category name<\/h3>\t\t\t\t<\/div>\n\t\t\t\t<\/div>\n\t\t<div class=\"elementor-element elementor-element-a49e198 e-con-full e-flex e-con e-child\" data-id=\"a49e198\" data-element_type=\"container\" data-e-type=\"container\">\n\t\t\t\t<div class=\"elementor-element elementor-element-3b84815 elementor-widget elementor-widget-image\" data-id=\"3b84815\" data-element_type=\"widget\" data-e-type=\"widget\" data-widget_type=\"image.default\">\n\t\t\t\t\t\t\t\t\t\t\t\t\t\t\t\t<a href=\"#\">\n\t\t\t\t\t\t\t<img loading=\"lazy\" decoding=\"async\" width=\"668\" height=\"1000\" src=\"https:\/\/lunexdesign.com\/preview\/wp-content\/uploads\/2026\/04\/DSC_0953.jpg\" class=\"attachment-full size-full wp-image-326\" alt=\"\" srcset=\"https:\/\/lunexdesign.com\/preview\/wp-content\/uploads\/2026\/04\/DSC_0953.jpg 668w, https:\/\/lunexdesign.com\/preview\/wp-content\/uploads\/2026\/04\/DSC_0953-200x300.jpg 200w\" sizes=\"(max-width: 668px) 100vw, 668px\" \/>\t\t\t\t\t\t\t\t<\/a>\n\t\t\t\t\t\t\t\t\t\t\t\t\t\t\t<\/div>\n\t\t\t\t<div class=\"elementor-element elementor-element-3e77f8a anim-text elementor-widget elementor-widget-heading\" data-id=\"3e77f8a\" data-element_type=\"widget\" data-e-type=\"widget\" data-widget_type=\"heading.default\">\n\t\t\t\t\t<h3 class=\"elementor-heading-title elementor-size-default\">Category name<\/h3>\t\t\t\t<\/div>\n\t\t\t\t<\/div>\n\t\t\t\t<\/div>\n\t\t\t\t<\/div>\n\t\t\t\t\t<\/div>\n\t\t\t\t<\/div>\n\t\t<div class=\"elementor-element elementor-element-94a2c4f e-flex e-con-boxed e-con e-parent\" data-id=\"94a2c4f\" data-element_type=\"container\" data-e-type=\"container\" data-settings=\"{&quot;background_background&quot;:&quot;classic&quot;}\">\n\t\t\t\t\t<div class=\"e-con-inner\">\n\t\t<div class=\"elementor-element elementor-element-5028618 e-con-full e-flex e-con e-child\" data-id=\"5028618\" data-element_type=\"container\" data-e-type=\"container\">\n\t\t<div class=\"elementor-element elementor-element-d211010 e-con-full e-flex e-con e-child\" data-id=\"d211010\" data-element_type=\"container\" data-e-type=\"container\">\n\t\t\t\t<div class=\"elementor-element elementor-element-d142551 elementor-invisible elementor-widget elementor-widget-text-editor\" data-id=\"d142551\" data-element_type=\"widget\" data-e-type=\"widget\" data-settings=\"{&quot;_animation&quot;:&quot;fadeInUp&quot;}\" data-widget_type=\"text-editor.default\">\n\t\t\t\t\t\t\t\t\t<p>Susana Quina Barros nasceu em Lisboa (1971). Licencia-se em Arquitetura pela Universidade Lus\u00edada<br \/>de Lisboa, em 1996. Inicia desde ent\u00e3o o seu percurso na concep\u00e7\u00e3o de projetos de arquitetura e de<br \/>design de interiores.<\/p>\t\t\t\t\t\t\t\t<\/div>\n\t\t\t\t<div class=\"elementor-element elementor-element-57454b7 elementor-invisible elementor-widget elementor-widget-text-editor\" data-id=\"57454b7\" data-element_type=\"widget\" data-e-type=\"widget\" data-settings=\"{&quot;_animation&quot;:&quot;fadeInUp&quot;}\" data-widget_type=\"text-editor.default\">\n\t\t\t\t\t\t\t\t\t<p>Susana Quina Barros nasceu em Lisboa (1971). Licencia-se em Arquitetura pela Universidade Lus\u00edada<br \/>de Lisboa, em 1996. Inicia desde ent\u00e3o o seu percurso na concep\u00e7\u00e3o de projetos de arquitetura e de<br \/>design de interiores.<\/p>\t\t\t\t\t\t\t\t<\/div>\n\t\t\t\t<\/div>\n\t\t\t\t<\/div>\n\t\t\t\t\t<\/div>\n\t\t\t\t<\/div>\n\t\t\t\t<\/div>\n\t\t","protected":false},"excerpt":{"rendered":"<p>SBArquitectura ARQUITECTURAE INTERIORES O MESMO ESPA\u00c7O, COM O TOQUE QUE FALTAVA. Gostava de alterar a sua casa e n\u00e3o lhe surgem ideias? Ou simplesmente mudou de casa e realizou que n\u00e3o se adapta ao seu novo espa\u00e7o? \u201cH\u00e1 um gosto de vit\u00f3ria e encanto na condi\u00e7\u00e3o de ser simples. N\u00e3o \u00e9 preciso muito para ser [&hellip;]<\/p>\n","protected":false},"author":1,"featured_media":0,"parent":0,"menu_order":0,"comment_status":"closed","ping_status":"closed","template":"","meta":{"footnotes":""},"class_list":["post-122","page","type-page","status-publish","hentry"],"_links":{"self":[{"href":"https:\/\/lunexdesign.com\/preview\/wp-json\/wp\/v2\/pages\/122","targetHints":{"allow":["GET"]}}],"collection":[{"href":"https:\/\/lunexdesign.com\/preview\/wp-json\/wp\/v2\/pages"}],"about":[{"href":"https:\/\/lunexdesign.com\/preview\/wp-json\/wp\/v2\/types\/page"}],"author":[{"embeddable":true,"href":"https:\/\/lunexdesign.com\/preview\/wp-json\/wp\/v2\/users\/1"}],"replies":[{"embeddable":true,"href":"https:\/\/lunexdesign.com\/preview\/wp-json\/wp\/v2\/comments?post=122"}],"version-history":[{"count":157,"href":"https:\/\/lunexdesign.com\/preview\/wp-json\/wp\/v2\/pages\/122\/revisions"}],"predecessor-version":[{"id":347,"href":"https:\/\/lunexdesign.com\/preview\/wp-json\/wp\/v2\/pages\/122\/revisions\/347"}],"wp:attachment":[{"href":"https:\/\/lunexdesign.com\/preview\/wp-json\/wp\/v2\/media?parent=122"}],"curies":[{"name":"wp","href":"https:\/\/api.w.org\/{rel}","templated":true}]}}